2*y + 34 = y - q, -5*q + 25 = 0. Let n = -18 + y. Let s(d) be the second derivative of -d**4/12 - 2*d**3/3 + d**2 + d. What is s(n)?
-3
Let d(a) = -a - 5. Suppose 0*b - b - 3*w - 7 = 0, -1 = w. What is d(b)?
-1
Let x(h) = h + 9*h**3 - 7 - 19*h**3 + 3*h**2 - 4*h**2 + 9*h**3. Determine x(0).
-7
Let f(u) = -3*u - 1. Let x(d) be the second derivative of d**3/6 - 7*d**2/2 - d. Let s be x(0). Let r be (s - -3) + -1 + 3. Calculate f(r).
5
Suppose -4*g - 2*v + 11 = -3*v, -4*v = -g - 16. Let x(c) = -c**3 + 5*c**2 - 2*c - 2. Calculate x(g).
6
Let y(i) = -i + 9. Let g be y(5). Let x = 0 - -1. Let b(t) = -t**3 + t**2 + t. Let v(s) = 3*s**3 - 6*s + 2. Let d(l) = x*v(l) + 4*b(l). Give d(g).
-6
Let k(m) = -5*m**2 + m**3 + 16*m**2 - 1 - m - 12*m**2. Let s(t) = 3*t**3 - 4*t**2 - 3*t - 3. Let c(w) = 7*k(w) - 2*s(w). What is c(-1)?
0
Let d(o) = 7*o**2 + 4*o - 9. Let i(a) = a**2 - 1. Let l(q) = d(q) - 6*i(q). What is l(-5)?
2
Let z(j) = 3*j + 4. Let s(a) = a**2 + 8*a + 11. Let d(x) = -4*s(x) + 11*z(x). Calculate d(1).
-3
Let h = -3 + 5. Let p(f) = 2*f**2 + 2 + 4*f + 2 + f**3 + 3*f**h. Suppose 4*w = -13 - 3. What is p(w)?
4
Let k be -1 - 1 - -1*4. Suppose 2 = k*v + 3*p, 3*p - 2*p = 4*v + 10. Let n(r) = r**3 + 2*r**2 - 2*r - 1. Give n(v).
3
Let r(x) = -x**2 - 2*x - 2. Suppose -j - 3*t + 13 = 0, 2*j - t - 1 = -3*j. Let v be (j + -2)/((-1)/(-2)). Give r(v).
-2
Let t(x) be the second derivative of -x**5/20 + 5*x**4/12 + 4*x. Let m be t(5). Let v(r) = r**2 - r - 6. Determine v(m).
-6
Let z(q) = -q**3 + 3*q**2 + 3*q + 5. Suppose 3*v - 8 = v. Give z(v).
1
Let p(l) be the second derivative of -l**4/12 - l**3/2 + l**2/2 - 3*l. What is p(-4)?
-3
Let p(x) = -3*x**2 + 1 - 4*x + 5*x + 2*x**2. Let i = 1 + 0. Let d be ((-6)/(-15))/(i/(-5)). Give p(d).
-5
Let b(o) be the first derivative of -o**4/4 + 2*o**3/3 - o**2/2 - 14. What is b(1)?
0
Let w(a) = -a + 1. Let b(g) = -1. Let f = -13 - -7. Let r be (-35)/(-6) - f/36. Let n(v) = r*b(v) - w(v). Give n(5).
-2
Let t(a) = 2*a + 3 + 0*a**3 - a**3 - a**2 + 2*a. Let p(c) = -1 + 9*c - 3*c**2 + 2*c**2 - 1. Let j be p(9). Give t(j).
-1
Let g(u) = u + 4. Suppose 0 = -3*y - 1 + 16. What is g(y)?
9
Suppose 0 = c - 8*c + 7. Let h(l) = -2*l - 1. Determine h(c).
-3
Let z(h) = -2 - 2*h + 0 + 3. Let t be (-975)/200 + 1/(-8). Calculate z(t).
11
Let c(d) = -3 - 20*d**2 - 12*d**2 - 2*d + 27*d**2 - d**3. What is c(-5)?
7
Let x(j) = -3*j + 2. Let q be -2*(-7)/4*60/(-42). Calculate x(q).
17
Let q(y) = 2. Let n(j) = 2*j - 6. Let a(z) = n(z) + 4*q(z). Calculate a(-2).
-2
Let u(s) = 4*s**2 - 2*s - 5. Let h(l) = -3*l**2 + 3*l + 4. Let d(t) = -3*h(t) - 2*u(t). Let f be 1/(-3) - 52/(-12). What is d(f)?
-6
Let s(v) = 0 - 10*v**2 - 5 + 3 - 9*v + v**3 - 5. Let h(i) = i**3 - 9*i**2 - 8*i - 6. Let l(y) = -6*h(y) + 5*s(y). What is l(5)?
-9
Let g(s) be the second derivative of s**5/20 + 5*s**4/6 + 5*s**3/3 + 13*s**2/2 + 2*s. Let j be g(-9). Let m(h) = -h**3 + 4*h**2 - h - 2. What is m(j)?
-6
Let i be ((-10)/(-4))/(6/12). Let d(g) = -g**2 - g - g - 1 - i*g + 5*g. Give d(-3).
-4
Let l = 17 + -17. Let x(n) be the second derivative of l*n**4 + 2*n - 1/20*n**5 - 3/2*n**2 + 1/3*n**3 + 0. Give x(2).
-7
Let w(g) be the third derivative of -g**4/24 - 2*g**3/3 + 4*g**2 - 1. Let s be -5 - (1 + 0 + 0). Give w(s).
2
Suppose 3*m - 35 + 8 = 4*f, -3*m = -f - 18. Let d(s) = -5*s - 1. What is d(f)?
14
Let t(x) = -x**2 + 8*x - 3. Let o(g) = -g**2 + 8*g - 4. Let j = 19 + -21. Let a(z) = j*t(z) + 3*o(z). Calculate a(6).
6
Let a(b) = 5*b**2 + b + 1. Let k(m) = -m**2 - 4*m + 11. Let q be k(-6). What is a(q)?
5
Suppose -i + 15 - 2 = 3*q, 3*i = -4*q + 24. Suppose 0 = -q*t + 1 + 5. Let y(f) = f - 3. Give y(t).
-1
Let y be ((-8)/12)/((-2)/(-18)). Let s(x) = x**2 + 6*x + 9. Determine s(y).
9
Let c(a) = -a**2 - a + 3. Let v(o) = -2*o**2 - o + 5. Let n(i) = 9*c(i) - 4*v(i). Calculate n(-6).
1
Let b(j) be the third derivative of -j**4/4 + 12*j**2. Determine b(-1).
6
Suppose -t + 35 = 2*t - 4*f, -5*f = 25. Let y(h) = -h**3 + 4*h**2 + 3*h + 7. Determine y(t).
-3
Let h be (-32)/((-3)/18*4). Suppose -4*f + h = -f. Suppose -f = 4*d - 4. Let s(t) = -t + 3. Give s(d).
6
Let l(x) = -13*x**3 - 5*x - 6. Let q(h) = 14*h**3 + 6*h + 7. Let p(w) = -6*l(w) - 5*q(w). Let o(s) = -s**3 - 2*s**2 - s - 1. Let n be o(-2). Determine p(n).
9
Let i(w) be the third derivative of -w**6/120 - w**5/20 + 5*w**4/24 + w**3/3 + 7*w**2. Let m = 3 - 7. Calculate i(m).
-2
Let j(p) = -p + 3. Let v(f) = -1. Let z(l) = -2. Let c(u) = -3*v(u) + z(u). Let b(k) = -4*c(k) - j(k). What is b(6)?
-1
Let j(h) = h**3 - 4*h**2 + 2*h + 5. Let m be j(3). Let k(w) be the third derivative of 0 - 1/24*w**4 + 0*w + m*w**2 - 1/2*w**3. Determine k(-2).
-1
Let y(r) = -r - 3. Suppose 0 = 5*l - 0*l. Give y(l).
-3
Suppose -4 = -5*n + 4*y + 5, -3*n - 2 = 5*y. Let f(w) = 4*w - 1. What is f(n)?
3
Let j(o) = -5*o**2 - 1. Let i be (2/6)/((-4)/24). Let t be (i/(-3))/((-10)/30). Let r be (t/3)/(6/(-9)). Calculate j(r).
-6
Let d = 1 + 2. Suppose -d*a - 4 = -4*a. Suppose 0*n + a*n - 12 = 0. Let l(x) = -x**2 + 2*x + 2. Calculate l(n).
-1
Let i(u) = 4*u**2 + 12*u + 1 - 5*u**2 - 11*u. Give i(-1).
-1
Let b = 10 - 13. Let s(f) = 4*f - 4 + 7*f - 12*f + 0. Determine s(b).
-1
Let x(z) = -z**3 + 2*z**2 + 4*z - 3. Let b be x(3). Let c = 0 - b. Let p(t) be the first derivative of t**2/2 - 6*t + 2. What is p(c)?
-6
Let a(p) = 7*p**3 - 3*p**2 - 3*p - 3. Let v(i) = 8*i**3 - 4*i**2 - 4*i - 4. Suppose -14 = 10*x - 8*x. Let w(s) = x*a(s) + 6*v(s). What is w(-3)?
6
Suppose -6 = -4*g + b + 2*b, 2*b = 3*g - 5. Let z(j) = j + 1. Give z(g).
4
Let j(i) = -i**3 - 5*i**2 - 3*i - 1. Let k be (-18)/(-5) - (-4)/10. Let x be (-7 + 10)*(-4)/(-6). Suppose 0 = 3*a + k + x. What is j(a)?
-7
Let n(u) = -u**3 - 3*u**2 - 1. Let k = 6 + -3. Let r(q) = -q**3 + 4*q**2 - 3*q - 2. Let l be r(k). Give n(l).
-5
Let d(c) be the second derivative of 1/20*c**5 + 0 - 2*c - 7/2*c**2 + 1/2*c**3 + 1/2*c**4. Calculate d(-5).
3
Let k(h) = -3*h**2 + 11*h - 28. Let f(y) = 2*y**2 - 7*y + 19. Let q(b) = 7*f(b) + 5*k(b). What is q(6)?
-7
Let o(p) = 10 - 14 - p**2 + 3 - p - p. Give o(-3).
-4
Let j(l) = -l - 1. Let w be j(0). Let b(c) = -9*c**3 - 1. What is b(w)?
8
Let p be ((-8)/(-6))/(2/(-6)). Let y(b) = b**2 - 4*b + 5*b + 0*b**2 + 3 + 3*b. What is y(p)?
3
Let z(n) = n**2 + 5*n - 3 - 5 - 7*n**3 - n**2. Let j(p) = -6*p**3 + 4*p - 7. Let v(a) = 6*j(a) - 5*z(a). Give v(0).
-2
Let z(u) be the first derivative of u**4/2 + u**2/2 + 6. Let n(j) = -j**2 + 3*j - 3. Let i be n(2). Give z(i).
-3
Let j(b) = -2*b - 51. Let x be j(-22). Let a(r) = r**3 + 7*r**2 - 6. Give a(x).
-6
Let o(x) be the second derivative of 1/4*x**4 + 1/2*x**3 - 5*x - 1/20*x**5 + 0 + 2*x**2. What is o(4)?
0
Let q be -3 - -4 - (-1)/1. Suppose 3*z + q*z = 0. Let l(p) = 2 + 0 - 2*p + z - p. Give l(4).
-10
Let f be (-6)/(-4) - 6/4. Suppose 0*l - 5*l + 22 = -3*s, 5*s + 5*l - 30 = f. Let z(y) = -2*y**2 + 2*y - 1. Calculate z(s).
-1
Let x(d) be the second derivative of -d**3/6 - d**2/2 - 4*d. What is x(0)?
-1
Suppose 2 = 2*n - 0*n. Let f(m) = -5*m**3 + m**2 + m - 1. Determine f(n).
-4
Let s(b) be the first derivative of b**4/4 - 4*b**3/3 - 5*b**2/2 + 2*b - 2. Suppose -4*t + 30 = 5*d, 5*d - 1 = -t + 14. Calculate s(t).
2
Let q(k) = 6*k - 9. Let d(v) = -v. Let s(m) = 4*d(m) + q(m). Give s(6).
3
Let x(k) be the second derivative of k**4/12 + k**3/2 + k**2 + k. Let w(q) = q**2 - 6*q + 5. Let s be w(4). What is x(s)?
2
Suppose 11 + 1 = -3*h. Let k(a) = 2*a + 3. Determine k(h).
-5
Let g(b) be the third derivative of b**7/2520 + b**6/180 - b**5/40 - b**4/12 - 3*b**2. Let t(d) be the second derivative of g(d). Determine t(-4).
-3
Let f(i) = -8*i**2 - 1. Let k(o) = -o**2 + 4*o + 6. Let c be k(5). Calculate f(c).
-9
Let y(d) = -d**3 + 3*d**2 - 3*d + 2. Let u(o) = -o**2 + 5*o + 2. Let b be u(5). Let q be y(b). Let h(n) = -n - 5. Determine h(q).
-5
Suppose -a - 2*y = -4 + 13, -5*a - 5*y - 25 = 0. Let k(g) = -g**2. Let t(q) = -9*q**2 + 2*q + 1. Let n(w) = k(w) - t(w). Give n(a).
9
Let c(q) = -q**2 + 7*q + 6. Let r(d) = -3*d**2 + 20*d + 18. Let x(o) = 11*c(o) - 4*r(o). What is x(6)?
12
Let h(o) = -3*o - 3. Suppose 42 - 11 = -5*n - k, 0 = -4*n + k - 32. Determine h(n).
18
Let z(h) be the first derivative of -h**2/2 - 6*h - 10. Give z(5).
-11
Let s(n) be the third derivative 